{"id":24,"date":"2020-11-26T11:02:26","date_gmt":"2020-11-26T11:02:26","guid":{"rendered":"https:\/\/homescaremarbella.com\/?page_id=24"},"modified":"2025-10-24T15:42:06","modified_gmt":"2025-10-24T15:42:06","slug":"homescare-marbella-personalized-service-care-of-your-home","status":"publish","type":"page","link":"https:\/\/homescaremarbella.com\/","title":{"rendered":"HomesCare Marbella &#8211; Personalized service for the care of your home"},"content":{"rendered":"<p>[et_pb_section fb_built=&#8221;1&#8243; fullwidth=&#8221;on&#8221; admin_label=&#8221;Hero Section&#8221; _builder_version=&#8221;4.16&#8243; _module_preset=&#8221;default&#8221; bottom_divider_style=&#8221;arrow2&#8243; bottom_divider_color=&#8221;#ffffff&#8221; global_colors_info=&#8221;{}&#8221;][et_pb_fullwidth_image src=&#8221;https:\/\/homescaremarbella.com\/wp-content\/uploads\/2024\/11\/Homescare-Marbella-homecares-services-for-your-home-portada.jpg&#8221; alt=&#8221;Homescare-Marbella-homecares-services-for-your-home-portada&#8221; title_text=&#8221;Homescare-Marbella-homecares-services-for-your-home-portada&#8221; _builder_version=&#8221;4.19.3&#8243; _module_preset=&#8221;default&#8221; global_colors_info=&#8221;{}&#8221;][\/et_pb_fullwidth_image][\/et_pb_section][et_pb_section fb_built=&#8221;1&#8243; _builder_version=&#8221;4.16&#8243; _module_preset=&#8221;default&#8221; background_color=&#8221;#ffffff&#8221; custom_padding=&#8221;||30px|||&#8221; bottom_divider_color=&#8221;#ffffff&#8221; global_colors_info=&#8221;{}&#8221;][et_pb_row _builder_version=&#8221;4.16&#8243; _module_preset=&#8221;default&#8221; global_colors_info=&#8221;{}&#8221;][et_pb_column type=&#8221;4_4&#8243; _builder_version=&#8221;4.16&#8243; _module_preset=&#8221;default&#8221; global_colors_info=&#8221;{}&#8221;][et_pb_cta title=&#8221;You buy the house of your dreams, we will make sure you don&#8217;t lose sleep over it.&#8221; button_url=&#8221;#contact&#8221; button_text=&#8221;request a quote&#8221; _builder_version=&#8221;4.16&#8243; _module_preset=&#8221;default&#8221; header_font=&#8221;Oswald|||on|||||&#8221; header_text_align=&#8221;center&#8221; header_text_color=&#8221;#000000&#8243; header_font_size=&#8221;40px&#8221; header_line_height=&#8221;1.1em&#8221; background_color=&#8221;#ffffff&#8221; custom_button=&#8221;on&#8221; button_text_color=&#8221;#ffffff&#8221; button_bg_color=&#8221;#e02b20&#8243; button_border_width=&#8221;0px&#8221; button_border_color=&#8221;#000000&#8243; button_border_radius=&#8221;10px&#8221; button_font=&#8221;Oswald|700||on|||||&#8221; header_font_size_tablet=&#8221;38px&#8221; header_font_size_phone=&#8221;36px&#8221; header_font_size_last_edited=&#8221;on|phone&#8221; border_radii=&#8221;on|20px|20px|20px|20px&#8221; box_shadow_style=&#8221;preset1&#8243; global_colors_info=&#8221;{}&#8221;][\/et_pb_cta][\/et_pb_column][\/et_pb_row][\/et_pb_section][et_pb_section fb_built=&#8221;1&#8243; next_background_color=&#8221;#ffffff&#8221; module_id=&#8221;whatwedo&#8221; _builder_version=&#8221;4.16&#8243; _module_preset=&#8221;default&#8221; background_image=&#8221;https:\/\/homescaremarbella.com\/wp-content\/uploads\/2020\/11\/Homescare-Marbella-home-4.png&#8221; bottom_divider_style=&#8221;slant2&#8243; bottom_divider_height=&#8221;40px&#8221; global_colors_info=&#8221;{}&#8221;][et_pb_row column_structure=&#8221;1_2,1_2&#8243; _builder_version=&#8221;4.16&#8243; _module_preset=&#8221;default&#8221; global_colors_info=&#8221;{}&#8221;][et_pb_column type=&#8221;1_2&#8243; _builder_version=&#8221;4.16&#8243; _module_preset=&#8221;default&#8221; global_colors_info=&#8221;{}&#8221;][\/et_pb_column][et_pb_column type=&#8221;1_2&#8243; _builder_version=&#8221;4.16&#8243; _module_preset=&#8221;default&#8221; global_colors_info=&#8221;{}&#8221;][et_pb_text _builder_version=&#8221;4.16&#8243; _module_preset=&#8221;default&#8221; text_font=&#8221;Karla|700|||||||&#8221; text_text_color=&#8221;#000000&#8243; text_font_size=&#8221;20px&#8221; header_2_font=&#8221;Oswald|700||on|||||&#8221; header_2_font_size=&#8221;60px&#8221; background_color=&#8221;rgba(255,255,255,0.5)&#8221; custom_margin=&#8221;0px||||false|false&#8221; custom_padding=&#8221;10px|10px|10px|10px|true|true&#8221; header_2_font_size_tablet=&#8221;56px&#8221; header_2_font_size_phone=&#8221;42px&#8221; header_2_font_size_last_edited=&#8221;on|desktop&#8221; border_radii=&#8221;on|10px|10px|10px|10px&#8221; global_colors_info=&#8221;{}&#8221;]<\/p>\n<h2><span style=\"color: #ffffff;\">\u00bf<\/span>What we do?<\/h2>\n<p>HomesCare Marbella is a company dedicated to the care of your home. We offer our clients a personalized service and give the necessary peace of mind so that a homeowner can sleep peacefully without worrying about their home in Marbella.<\/p>\n<p>In addition we also offer the service of maintenance of your home to clients with residential housing in Marbella. We will take care of all the needs of your property from the first day we start working with a personal and specialized treatment.<\/p>\n<p>[\/et_pb_text][\/et_pb_column][\/et_pb_row][\/et_pb_section][et_pb_section fb_built=&#8221;1&#8243; _builder_version=&#8221;4.16&#8243; _module_preset=&#8221;default&#8221; custom_padding=&#8221;30px||30px|||&#8221; global_colors_info=&#8221;{}&#8221;][et_pb_row column_structure=&#8221;1_3,1_3,1_3&#8243; use_custom_gutter=&#8221;on&#8221; gutter_width=&#8221;2&#8243; make_equal=&#8221;on&#8221; _builder_version=&#8221;4.16&#8243; _module_preset=&#8221;default&#8221; width=&#8221;90%&#8221; max_width=&#8221;1150px&#8221; global_colors_info=&#8221;{}&#8221;][et_pb_column type=&#8221;1_3&#8243; _builder_version=&#8221;4.16&#8243; _module_preset=&#8221;default&#8221; global_colors_info=&#8221;{}&#8221;][et_pb_image src=&#8221;https:\/\/homescaremarbella.com\/wp-content\/uploads\/2024\/11\/Homescare-Marbella-homecares-services-for-your-home-portada.jpg&#8221; alt=&#8221;Homescare-Marbella-homecares-services-for-your-home-portada&#8221; title_text=&#8221;Homescare-Marbella-homecares-services-for-your-home-portada&#8221; _builder_version=&#8221;4.19.3&#8243; _module_preset=&#8221;default&#8221; border_radii=&#8221;on|10px|10px|10px|10px&#8221; global_colors_info=&#8221;{}&#8221;][\/et_pb_image][\/et_pb_column][et_pb_column type=&#8221;1_3&#8243; _builder_version=&#8221;4.16&#8243; _module_preset=&#8221;default&#8221; global_colors_info=&#8221;{}&#8221;][et_pb_image src=&#8221;https:\/\/homescaremarbella.com\/wp-content\/uploads\/2024\/11\/Homescare-Marbella-homecares-services-for-your-home-galeria3.jpg&#8221; alt=&#8221;Homescare-Marbella-homecares-services-for-your-home-galeria3&#8243; title_text=&#8221;Homescare-Marbella-homecares-services-for-your-home-galeria3&#8243; _builder_version=&#8221;4.19.3&#8243; _module_preset=&#8221;default&#8221; border_radii=&#8221;on|10px|10px|10px|10px&#8221; global_colors_info=&#8221;{}&#8221;][\/et_pb_image][\/et_pb_column][et_pb_column type=&#8221;1_3&#8243; _builder_version=&#8221;4.16&#8243; _module_preset=&#8221;default&#8221; global_colors_info=&#8221;{}&#8221;][et_pb_image src=&#8221;https:\/\/homescaremarbella.com\/wp-content\/uploads\/2024\/11\/Homescare-Marbella-homecares-services-for-your-home-galeria2.jpg&#8221; alt=&#8221;Homescare-Marbella-homecares-services-for-your-home-galeria2&#8243; title_text=&#8221;Homescare-Marbella-homecares-services-for-your-home-galeria2&#8243; _builder_version=&#8221;4.19.3&#8243; _module_preset=&#8221;default&#8221; border_radii=&#8221;on|10px|10px|10px|10px&#8221; global_colors_info=&#8221;{}&#8221;][\/et_pb_image][\/et_pb_column][\/et_pb_row][\/et_pb_section][et_pb_section fb_built=&#8221;1&#8243; prev_background_color=&#8221;#ffffff&#8221; next_background_color=&#8221;#ffffff&#8221; _builder_version=&#8221;4.16&#8243; _module_preset=&#8221;default&#8221; background_enable_color=&#8221;off&#8221; use_background_color_gradient=&#8221;on&#8221; background_color_gradient_direction=&#8221;161deg&#8221; background_color_gradient_stops=&#8221;#92daec 0%|#ffffff 76%&#8221; background_color_gradient_start=&#8221;#92daec&#8221; background_color_gradient_end=&#8221;#ffffff&#8221; background_color_gradient_end_position=&#8221;76%&#8221; background_image=&#8221;https:\/\/homescaremarbella.com\/wp-content\/uploads\/2020\/11\/Homescare-Marbella-home-2.png&#8221; top_divider_style=&#8221;slant2&#8243; top_divider_height=&#8221;64px&#8221; top_divider_flip=&#8221;vertical&#8221; bottom_divider_style=&#8221;slant2&#8243; global_colors_info=&#8221;{}&#8221;][et_pb_row column_structure=&#8221;1_2,1_2&#8243; _builder_version=&#8221;4.16&#8243; _module_preset=&#8221;default&#8221; background_enable_image=&#8221;off&#8221; background_size=&#8221;contain&#8221; background_position=&#8221;bottom_right&#8221; global_colors_info=&#8221;{}&#8221;][et_pb_column type=&#8221;1_2&#8243; _builder_version=&#8221;4.16&#8243; _module_preset=&#8221;default&#8221; global_colors_info=&#8221;{}&#8221;][et_pb_text _builder_version=&#8221;4.16&#8243; _module_preset=&#8221;default&#8221; text_font=&#8221;Karla|700|||||||&#8221; text_text_color=&#8221;#000000&#8243; text_font_size=&#8221;20px&#8221; header_2_font=&#8221;Oswald|700||on|||||&#8221; header_2_font_size=&#8221;66px&#8221; background_color=&#8221;rgba(255,255,255,0.5)&#8221; custom_margin=&#8221;0px||||false|false&#8221; custom_padding=&#8221;10px|10px|10px|10px|true|true&#8221; border_radii=&#8221;on|10px|10px|10px|10px&#8221; global_colors_info=&#8221;{}&#8221;]<\/p>\n<h2>How it works?<\/h2>\n<p>Homescare Marbella specializes in helping you with everything you might need or worry about in your home, from changing the utility bills to your name, to ordering phone\/internet lines, renovation work, fixing any breakdowns that may occur in your absence or during your stay in Marbella. We can also help you with the design of your home decoration.<\/p>\n<p>For people living abroad, we recommend that you consider our property management service, which includes weekly or bi-weekly checks of the property, ensuring that all supplies are up to date and working properly and always reporting any incidents.<br \/>Contact us today if you would like to receive more information about our services or if you would like us to give you a quote for your property.<\/p>\n<p>[\/et_pb_text][\/et_pb_column][et_pb_column type=&#8221;1_2&#8243; _builder_version=&#8221;4.16&#8243; _module_preset=&#8221;default&#8221; global_colors_info=&#8221;{}&#8221;][\/et_pb_column][\/et_pb_row][\/et_pb_section][et_pb_section fb_built=&#8221;1&#8243; module_id=&#8221;services&#8221; _builder_version=&#8221;4.16&#8243; _module_preset=&#8221;default&#8221; global_colors_info=&#8221;{}&#8221;][et_pb_row _builder_version=&#8221;4.16&#8243; _module_preset=&#8221;default&#8221; global_colors_info=&#8221;{}&#8221;][et_pb_column type=&#8221;4_4&#8243; _builder_version=&#8221;4.16&#8243; _module_preset=&#8221;default&#8221; global_colors_info=&#8221;{}&#8221;][et_pb_text _builder_version=&#8221;4.16&#8243; _module_preset=&#8221;default&#8221; text_font=&#8221;Karla|700|||||||&#8221; text_text_color=&#8221;#000000&#8243; text_font_size=&#8221;20px&#8221; header_2_font=&#8221;Oswald|700||on|||||&#8221; header_2_font_size=&#8221;66px&#8221; custom_margin=&#8221;0px||||false|false&#8221; global_colors_info=&#8221;{}&#8221;]<\/p>\n<h2 style=\"text-align: center;\">SERVICES<\/h2>\n<p>[\/et_pb_text][\/et_pb_column][\/et_pb_row][et_pb_row column_structure=&#8221;1_4,1_4,1_4,1_4&#8243; _builder_version=&#8221;4.16&#8243; _module_preset=&#8221;default&#8221; global_colors_info=&#8221;{}&#8221;][et_pb_column type=&#8221;1_4&#8243; _builder_version=&#8221;4.16&#8243; _module_preset=&#8221;default&#8221; global_colors_info=&#8221;{}&#8221;][et_pb_blurb title=&#8221;HOME REPAIRS&#8221; image=&#8221;https:\/\/homescaremarbella.com\/wp-content\/uploads\/2020\/11\/home-repairs-in-marbella.gif&#8221; alt=&#8221;Key-custody-in-Marbella&#8221; image_icon_width=&#8221;49%&#8221; _builder_version=&#8221;4.19.3&#8243; _module_preset=&#8221;default&#8221; header_font=&#8221;Oswald||||||||&#8221; header_text_align=&#8221;center&#8221; header_text_color=&#8221;#0d3b53&#8243; body_font=&#8221;Karla|700|||||||&#8221; body_text_align=&#8221;center&#8221; body_text_color=&#8221;#474747&#8243; body_font_size=&#8221;16px&#8221; background_color=&#8221;#ffffff&#8221; custom_padding=&#8221;0px|20px|20px|20px|false|true&#8221; border_radii=&#8221;on|10px|10px|10px|10px&#8221; border_width_all=&#8221;2px&#8221; border_color_all=&#8221;#0d3b53&#8243; box_shadow_style=&#8221;preset1&#8243; image_max_width=&#8221;49%&#8221; global_colors_info=&#8221;{}&#8221;]<\/p>\n<p>We take care of repairing all kinds of breakdowns that arise in your home.<\/p>\n<p>[\/et_pb_blurb][\/et_pb_column][et_pb_column type=&#8221;1_4&#8243; _builder_version=&#8221;4.16&#8243; _module_preset=&#8221;default&#8221; global_colors_info=&#8221;{}&#8221;][et_pb_blurb title=&#8221;RENOVATIONS&#8221; image=&#8221;https:\/\/homescaremarbella.com\/wp-content\/uploads\/2020\/11\/Reforms-in-Marbella.gif&#8221; alt=&#8221;Key-custody-in-Marbella&#8221; image_icon_width=&#8221;49%&#8221; _builder_version=&#8221;4.19.3&#8243; _module_preset=&#8221;default&#8221; header_font=&#8221;Oswald||||||||&#8221; header_text_align=&#8221;center&#8221; header_text_color=&#8221;#0d3b53&#8243; body_font=&#8221;Karla|700|||||||&#8221; body_text_align=&#8221;center&#8221; body_text_color=&#8221;#474747&#8243; body_font_size=&#8221;16px&#8221; background_color=&#8221;#ffffff&#8221; custom_padding=&#8221;0px|20px|20px|20px|false|true&#8221; border_radii=&#8221;on|10px|10px|10px|10px&#8221; border_width_all=&#8221;2px&#8221; border_color_all=&#8221;#0d3b53&#8243; box_shadow_style=&#8221;preset1&#8243; image_max_width=&#8221;49%&#8221; global_colors_info=&#8221;{}&#8221;]<\/p>\n<p>If you have new ideas for your home, we will make them a reality.<\/p>\n<p>[\/et_pb_blurb][\/et_pb_column][et_pb_column type=&#8221;1_4&#8243; _builder_version=&#8221;4.16&#8243; _module_preset=&#8221;default&#8221; global_colors_info=&#8221;{}&#8221;][et_pb_blurb title=&#8221;KEY CUSTODY&#8221; image=&#8221;https:\/\/homescaremarbella.com\/wp-content\/uploads\/2020\/11\/Key-custody-in-Marbella.gif&#8221; alt=&#8221;Key-custody-in-Marbella&#8221; image_icon_width=&#8221;49%&#8221; _builder_version=&#8221;4.16&#8243; _module_preset=&#8221;default&#8221; header_font=&#8221;Oswald||||||||&#8221; header_text_align=&#8221;center&#8221; header_text_color=&#8221;#0d3b53&#8243; body_font=&#8221;Karla|700|||||||&#8221; body_text_align=&#8221;center&#8221; body_text_color=&#8221;#474747&#8243; body_font_size=&#8221;16px&#8221; background_color=&#8221;#ffffff&#8221; custom_padding=&#8221;0px|20px|20px|20px|false|true&#8221; border_radii=&#8221;on|10px|10px|10px|10px&#8221; border_width_all=&#8221;2px&#8221; border_color_all=&#8221;#0d3b53&#8243; box_shadow_style=&#8221;preset1&#8243; image_max_width=&#8221;49%&#8221; global_colors_info=&#8221;{}&#8221;]<\/p>\n<p>We take responsibility for the keys to your home, to check the status of your property.<\/p>\n<p>[\/et_pb_blurb][\/et_pb_column][et_pb_column type=&#8221;1_4&#8243; _builder_version=&#8221;4.16&#8243; _module_preset=&#8221;default&#8221; global_colors_info=&#8221;{}&#8221;][et_pb_blurb title=&#8221;GARDEN AND POOL MAINTENANCE&#8221; image=&#8221;https:\/\/homescaremarbella.com\/wp-content\/uploads\/2020\/12\/swimming-pool-maintenance-in-Marbella.gif&#8221; alt=&#8221;swimming-pool-maintenance-in-Marbella&#8221; image_icon_width=&#8221;49%&#8221; _builder_version=&#8221;4.16&#8243; _module_preset=&#8221;default&#8221; header_font=&#8221;Oswald||||||||&#8221; header_text_align=&#8221;center&#8221; header_text_color=&#8221;#0d3b53&#8243; body_font=&#8221;Karla|700|||||||&#8221; body_text_align=&#8221;center&#8221; body_text_color=&#8221;#474747&#8243; body_font_size=&#8221;16px&#8221; background_color=&#8221;#ffffff&#8221; custom_padding=&#8221;0px|20px|20px|20px|false|true&#8221; border_radii=&#8221;on|10px|10px|10px|10px&#8221; border_width_all=&#8221;2px&#8221; border_color_all=&#8221;#0d3b53&#8243; box_shadow_style=&#8221;preset1&#8243; image_max_width=&#8221;49%&#8221; global_colors_info=&#8221;{}&#8221;]<\/p>\n<p>We always leave your garden and pool spotless for when you need it.<\/p>\n<p>[\/et_pb_blurb][\/et_pb_column][\/et_pb_row][\/et_pb_section][et_pb_section fb_built=&#8221;1&#8243; _builder_version=&#8221;4.16&#8243; _module_preset=&#8221;default&#8221; global_colors_info=&#8221;{}&#8221;][et_pb_row _builder_version=&#8221;4.16&#8243; _module_preset=&#8221;default&#8221; global_colors_info=&#8221;{}&#8221;][et_pb_column type=&#8221;4_4&#8243; _builder_version=&#8221;4.16&#8243; _module_preset=&#8221;default&#8221; global_colors_info=&#8221;{}&#8221;][et_pb_text _builder_version=&#8221;4.16&#8243; _module_preset=&#8221;default&#8221; text_font=&#8221;Karla|700|||||||&#8221; text_text_color=&#8221;#000000&#8243; text_font_size=&#8221;20px&#8221; header_2_font=&#8221;Oswald|700||on|||||&#8221; header_2_text_color=&#8221;#0d3b53&#8243; header_2_font_size=&#8221;66px&#8221; custom_margin=&#8221;0px||||false|false&#8221; global_colors_info=&#8221;{}&#8221;]<\/p>\n<h2 style=\"text-align: center;\">OUR CLIENTS TRUST US<\/h2>\n<p>[\/et_pb_text][\/et_pb_column][\/et_pb_row][et_pb_row column_structure=&#8221;1_2,1_2&#8243; _builder_version=&#8221;4.16&#8243; _module_preset=&#8221;default&#8221; global_colors_info=&#8221;{}&#8221;][et_pb_column type=&#8221;1_2&#8243; _builder_version=&#8221;4.16&#8243; _module_preset=&#8221;default&#8221; global_colors_info=&#8221;{}&#8221;][et_pb_testimonial author=&#8221;Viveros Puertas&#8221; portrait_url=&#8221;https:\/\/homescaremarbella.com\/wp-content\/uploads\/2020\/12\/Flor-Jamaica.jpg&#8221; use_icon_font_size=&#8221;on&#8221; icon_font_size=&#8221;28px&#8221; _builder_version=&#8221;4.16&#8243; _module_preset=&#8221;default&#8221; body_font=&#8221;Karla||||||||&#8221; body_text_color=&#8221;#0d3b53&#8243; author_font=&#8221;Oswald|700|||||||&#8221; author_text_color=&#8221;#0d3b53&#8243; background_color=&#8221;#c5c6c6&#8243; global_colors_info=&#8221;{}&#8221;]<\/p>\n<p>Los llam\u00e9 para la instalaci\u00f3n de una alarma y reformar dos ba\u00f1os cobraron un precio razonable. Antes hab\u00eda llamado a varios alba\u00f1iles y ninguno quiso venir, unos me dijeron que no le interesaba o otros directamente &#8220;pasaron de mi&#8221;. Muchas gracias \ud83d\ude09<\/p>\n<p>[\/et_pb_testimonial][\/et_pb_column][et_pb_column type=&#8221;1_2&#8243; _builder_version=&#8221;4.16&#8243; _module_preset=&#8221;default&#8221; global_colors_info=&#8221;{}&#8221;][et_pb_testimonial author=&#8221;Rosa Sierra&#8221; portrait_url=&#8221;https:\/\/homescaremarbella.com\/wp-content\/uploads\/2020\/12\/Rosa-Sierra.jpg&#8221; use_icon_font_size=&#8221;on&#8221; icon_font_size=&#8221;28px&#8221; _builder_version=&#8221;4.16&#8243; _module_preset=&#8221;default&#8221; body_font=&#8221;Karla||||||||&#8221; body_text_color=&#8221;#0d3b53&#8243; author_font=&#8221;Oswald|700|||||||&#8221; author_text_color=&#8221;#0d3b53&#8243; background_color=&#8221;#c5c6c6&#8243; global_colors_info=&#8221;{}&#8221;]<\/p>\n<p>Hicieron una reforma en mi casa y el resultado fue mejor de lo esperado. El precio fue asequible y cumplieron con los plazos de finalizaci\u00f3n de la obra. Qued\u00e9 muy contenta y los recomiendo.<\/p>\n<p>[\/et_pb_testimonial][\/et_pb_column][\/et_pb_row][\/et_pb_section][et_pb_section fb_built=&#8221;1&#8243; module_id=&#8221;contact&#8221; _builder_version=&#8221;4.16&#8243; _module_preset=&#8221;default&#8221; global_colors_info=&#8221;{}&#8221;][et_pb_row column_structure=&#8221;1_2,1_2&#8243; _builder_version=&#8221;4.16&#8243; _module_preset=&#8221;default&#8221; background_color=&#8221;#c5c6c6&#8243; use_background_color_gradient=&#8221;on&#8221; background_color_gradient_direction=&#8221;22deg&#8221; background_color_gradient_stops=&#8221;#c5c6c6 88%|#0d3b53 88%&#8221; background_color_gradient_start=&#8221;#c5c6c6&#8243; background_color_gradient_start_position=&#8221;88%&#8221; background_color_gradient_end=&#8221;#0d3b53&#8243; background_color_gradient_end_position=&#8221;56%&#8221; custom_margin=&#8221;||||false|false&#8221; custom_padding=&#8221;30px|30px|30px|30px|true|true&#8221; border_radii=&#8221;on|10px|10px|10px|10px&#8221; global_colors_info=&#8221;{}&#8221;][et_pb_column type=&#8221;1_2&#8243; _builder_version=&#8221;4.16&#8243; _module_preset=&#8221;default&#8221; global_colors_info=&#8221;{}&#8221;][et_pb_code _builder_version=&#8221;4.16&#8243; _module_preset=&#8221;default&#8221; custom_margin=&#8221;10px||||false|false&#8221; custom_padding=&#8221;|||10px|false|false&#8221; global_colors_info=&#8221;{}&#8221;]<iframe loading=\"lazy\" src=\"https:\/\/www.google.com\/maps\/embed?pb=!1m18!1m12!1m3!1d25653.578657386828!2d-4.880706495276809!3d36.51316761282317!2m3!1f0!2f0!3f0!3m2!1i1024!2i768!4f13.1!3m3!1m2!1s0x0%3A0xe42aa2175bfb8a0!2sHomescare%20Marbella!5e0!3m2!1sen!2ses!4v1607017420591!5m2!1sen!2ses\" width=\"100%\" height=\"400\" frameborder=\"0\" style=\"border:0;\" allowfullscreen=\"\" aria-hidden=\"false\" tabindex=\"0\"><\/iframe>[\/et_pb_code][\/et_pb_column][et_pb_column type=&#8221;1_2&#8243; _builder_version=&#8221;4.16&#8243; _module_preset=&#8221;default&#8221; global_colors_info=&#8221;{}&#8221;][et_pb_text _builder_version=&#8221;4.16&#8243; _module_preset=&#8221;default&#8221; text_font=&#8221;Karla|700|||||||&#8221; text_text_color=&#8221;#000000&#8243; text_font_size=&#8221;20px&#8221; header_2_font=&#8221;Oswald|700||on|||||&#8221; header_2_text_color=&#8221;#0d3b53&#8243; header_2_font_size=&#8221;66px&#8221; custom_margin=&#8221;0px||||false|false&#8221; header_2_font_tablet=&#8221;&#8221; header_2_font_phone=&#8221;&#8221; header_2_font_last_edited=&#8221;on|phone&#8221; header_2_font_size_tablet=&#8221;&#8221; header_2_font_size_phone=&#8221;54px&#8221; header_2_font_size_last_edited=&#8221;on|desktop&#8221; header_2_text_shadow_style=&#8221;preset5&#8243; header_2_text_shadow_horizontal_length=&#8221;0.04em&#8221; header_2_text_shadow_vertical_length=&#8221;-0.03em&#8221; header_2_text_shadow_color=&#8221;#ffffff&#8221; global_colors_info=&#8221;{}&#8221;]<\/p>\n<h2 style=\"text-align: center;\">Contact<\/h2>\n<p>[\/et_pb_text][et_pb_code _builder_version=&#8221;4.19.3&#8243; _module_preset=&#8221;default&#8221; hover_enabled=&#8221;0&#8243; sticky_enabled=&#8221;0&#8243;]<iframe data-tally-src=\"https:\/\/tally.so\/embed\/mRXDOP?alignLeft=1&#038;hideTitle=1&#038;transparentBackground=1&#038;dynamicHeight=1\" loading=\"lazy\" width=\"100%\" height=\"552\" frameborder=\"0\" marginheight=\"0\" marginwidth=\"0\" title=\"Contacto\"><\/iframe><!-- [et_pb_line_break_holder] --><script>var d=document,w=\"https:\/\/tally.so\/widgets\/embed.js\",v=function(){\"undefined\"!=typeof Tally?Tally.loadEmbeds():d.querySelectorAll(\"iframe[data-tally-src]:not([src])\").forEach((function(e){e.src=e.dataset.tallySrc}))};if(\"undefined\"!=typeof Tally)v();else if(d.querySelector('script[src=\"'+w+'\"]')==null){var s=d.createElement(\"script\");s.src=w,s.onload=v,s.onerror=v,d.body.appendChild(s);}<\/script>[\/et_pb_code][\/et_pb_column][\/et_pb_row][\/et_pb_section]<\/p>\n","protected":false},"excerpt":{"rendered":"<p>\u00bfWhat we do? HomesCare Marbella is a company dedicated to the care of your home. We offer our clients a personalized service and give the necessary peace of mind so that a homeowner can sleep peacefully without worrying about their home in Marbella. In addition we also offer the service of maintenance of your home [&hellip;]<\/p>\n","protected":false},"author":2,"featured_media":0,"parent":0,"menu_order":0,"comment_status":"closed","ping_status":"closed","template":"","meta":{"_et_pb_use_builder":"on","_et_pb_old_content":"","_et_gb_content_width":""},"_links":{"self":[{"href":"https:\/\/homescaremarbella.com\/index.php\/wp-json\/wp\/v2\/pages\/24"}],"collection":[{"href":"https:\/\/homescaremarbella.com\/index.php\/wp-json\/wp\/v2\/pages"}],"about":[{"href":"https:\/\/homescaremarbella.com\/index.php\/wp-json\/wp\/v2\/types\/page"}],"author":[{"embeddable":true,"href":"https:\/\/homescaremarbella.com\/index.php\/wp-json\/wp\/v2\/users\/2"}],"replies":[{"embeddable":true,"href":"https:\/\/homescaremarbella.com\/index.php\/wp-json\/wp\/v2\/comments?post=24"}],"version-history":[{"count":54,"href":"https:\/\/homescaremarbella.com\/index.php\/wp-json\/wp\/v2\/pages\/24\/revisions"}],"predecessor-version":[{"id":447,"href":"https:\/\/homescaremarbella.com\/index.php\/wp-json\/wp\/v2\/pages\/24\/revisions\/447"}],"wp:attachment":[{"href":"https:\/\/homescaremarbella.com\/index.php\/wp-json\/wp\/v2\/media?parent=24"}],"curies":[{"name":"wp","href":"https:\/\/api.w.org\/{rel}","templated":true}]}}